?
20
Calculate the greatest common factor of 54 and 7935042.
6
Calculate the greatest common divisor of 16438 and 1457631431.
8219
What is the greatest common factor of 2 and 37055314?
2
Calculate the greatest common factor of 2303 and 4559107.
49
What is the highest common divisor of 44160 and 12486144?
384
Calculate the greatest common divisor of 29477 and 30499.
7
What is the greatest common divisor of 4775274 and 9558?
162
What is the greatest common divisor of 849705 and 629?
37
What is the highest common factor of 29838075 and 285?
285
Calculate the highest common factor of 30 and 13124115.
15
Calculate the greatest common divisor of 40708260 and 10260.
3420
What is the greatest common divisor of 62299157 and 49913?
703
Calculate the highest common divisor of 32050 and 167730.
10
Calculate the greatest common divisor of 47889127 and 39.
13
What is the highest common factor of 4691517 and 138?
69
What is the greatest common divisor of 59503945 and 1270?
635
Calculate the greatest common divisor of 16484647 and 7467.
2489
What is the highest common divisor of 8 and 331852?
4
Calculate the highest common factor of 54595 and 391315.
305
Calculate the highest common factor of 8004 and 24099.
87
What is the highest common divisor of 64665 and 23625?
135
Calculate the greatest common factor of 610836 and 1247396.
436
Calculate the greatest common factor of 4200 and 2296.
56
Calculate the greatest common divisor of 88 and 310027036.
44
What is the greatest common factor of 82016 and 12142562?
466
What is the highest common factor of 930503 and 14?
7
What is the greatest common factor of 2405779 and 6405?
61
What is the highest common divisor of 264 and 10968276?
132
Calculate the highest common divisor of 124147408 and 13552.
1232
Calculate the greatest common factor of 17499300 and 60.
60
What is the greatest common factor of 192560 and 7801?
29
What is the greatest common divisor of 20 and 579274110?
10
Calculate the greatest common divisor of 3698760 and 51480.
1560
What is the greatest common factor of 3526 and 3688?
2
Calculate the greatest common factor of 4576 and 21678371.
143
What is the greatest common factor of 1145 and 341723189?
229
What is the greatest common factor of 477975199 and 61?
61
Calculate the greatest common factor of 338910 and 125710.
130
Calculate the greatest common factor of 6868 and 1194352.
68
Calculate the greatest common factor of 29600 and 20333350.
1850
What is the greatest common divisor of 6527144 and 312?
104
What is the greatest common divisor of 1332365 and 48560?
3035
Calculate the greatest common divisor of 6510 and 13172320.
70
What is the greatest common divisor of 146 and 5331993?
73
Calculate the highest common factor of 261 and 20978181.
9
What is the highest common divisor of 20303 and 297909?
79
What is the greatest common factor of 311338566 and 28?
14
Calculate the greatest common divisor of 40392 and 12516930.
918
Calculate the greatest common divisor of 33852 and 4515420.
1092
What is the highest common divisor of 51988248 and 536?
536
What is the greatest common divisor of 529 and 11770779?
529
What is the highest common divisor of 4347 and 351533196?
4347
Calculate the greatest common factor of 26566702 and 92.
46
Calculate the highest common divisor of 1455567 and 1478541.
1641
Calculate the greatest common factor of 1357 and 15341.
23
What is the highest common divisor of 125 and 4177925?
25
Calculate the highest common factor of 880 and 6465280.
80
What is the highest common factor of 43323741 and 1206?
603
Calculate the greatest common factor of 2785877 and 341.
31
What is the greatest common divisor of 81074 and 6958?
14
Calculate the greatest common divisor of 105 and 7657090.
35
What is the greatest common divisor of 1962 and 65820195?
981
Calculate the highest common divisor of 19623033 and 9.
9
Calculate the greatest common factor of 850 and 3969194.
34
Calculate the highest common divisor of 8998 and 42771993.
4499
Calculate the highest common divisor of 581870631 and 213.
213
Calculate the greatest common factor of 41312372 and 488.
244
What is the highest common divisor of 273296 and 11579740?
2356
Calculate the highest common factor of 116070 and 49685698.
7738
What is the greatest common factor of 4755825 and 6750?
225
What is the greatest common factor of 152876 and 452?
4
Calculate the greatest common factor of 6639912 and 3528.
72
What is the greatest common divisor of 62653024 and 588?
28
Calculate the highest common factor of 25517 and 170221.
323
What is the greatest common divisor of 45234 and 453957?
21
What is the highest common factor of 24862350 and 1050?
150
Calculate the highest common factor of 275 and 36483095.
55
What is the greatest common factor of 12867617 and 133?
133
What is the highest common divisor of 58524399 and 18?
9
What is the greatest common divisor of 12507 and 391539973?
4169
Calculate the highest common divisor of 612 and 46312335.
153
What is the highest common factor of 70522 and 29970?
74
Calculate the greatest common factor of 6 and 160528666.
2
Calculate the greatest common factor of 4681026 and 101074.
194
Calculate the highest common divisor of 102090 and 6074106.
498
What is the greatest common divisor of 3173690 and 442?
26
What is the greatest common divisor of 400465915 and 1420?
355
Calculate the greatest common factor of 58 and 420387074.
58
Calculate the highest common divisor of 530862031 and 196.
49
What is the highest common divisor of 55744 and 9601696?
416
Calculate the greatest common factor of 81604 and 26266.
46
Calculate the greatest common factor of 2543948 and 15504.
1292
What is the highest common divisor of 55874 and 45129?
2149
What is the highest common divisor of 43355100 and 20400?
5100
What is the greatest common factor of 57102 and 404922?
186
Calculate the highest common divisor of 2429 and 390957266.
2429
What is the greatest common divisor of 2346 and 130486866?
2346
Calculate the greatest common factor of 520 and 94879720.
520
What is the highest common factor of 265 and 638300995?
265
Calculate the greatest common divisor of 34266 and 1754.
2
Calculate the highest common divisor of 490365005 and 260.
65
What is the greatest common factor of 28878 and 60?
6
Calculate the greatest common factor of 10 and 23276970.
10
Calculate the greatest common factor of 34620 and 33980.
20
What is the highest common divisor of 22474228 and 294?
14
What is the greatest common factor of 41553 and 11381?
19
Calculate the greatest common divisor of 10694432 and 168.
56
Calculate the greatest common divisor of 2520 and 2298520.
280
Calculate the greatest common divisor of 826754 and 138.
2
What is the highest common divisor of 6238 and 153?
1
Calculate the greatest common divisor of 11878455 and 45.
15
What is the greatest common factor of 124965 and 5760?
45
Calculate the greatest common factor of 836 and 28223778.
418
What is the greatest common divisor of 2453416480 and 127?
127
What is the greatest common divisor of 12804 and 691988?
44
What is the highest common divisor of 1018418 and 505686?
542
Calculate the greatest common factor of 440 and 18669277.
11
Calculate the greatest common factor of 32256 and 128793.
21
Calculate the highest common divisor of 40727 and 378219.
139
Calculate the highest common divisor of 136264868 and 4.
4
Calculate the greatest common divisor of 110624 and 1003568.
16
Calculate the highest common factor of 17967 and 20829.
159
What is the greatest common divisor of 13628068 and 2169?
241
What is the highest common factor of 32 and 611826880?
32
Calculate the highest common divisor of 612 and 58680.
36
Calculate the highest common divisor of 88956 and 31731.
21
Calculate the greatest common factor of 486 and 9446886.
18
What is the highest common factor of 43313628 and 4?
4
What is the greatest common factor of 14070 and 84773760?
2010
Calculate the highest common divisor of 2777 and 194137293.
2777
What is the greatest common factor of 225723 and 360527?
67
Calculate the greatest common divisor of 428 and 19751.
1
Calculate the highest common divisor of 1746 and 4811706.
18
Calculate the greatest common divisor of 152 and 29203304.
152
Calculate the greatest common divisor of 1382157 and 